- 21*o. Determine u(0).
2
Let y be (-4)/14 + 74/14. Let a = -9 + y. Let v(m) = m - 2*m + 0*m - 8. Determine v(a).
-4
Suppose y + 3*y = 16. Suppose -y*l + l = 3. Let j(m) = -3*m**3 + m**3 + 0*m**3 - 1 - 2*m - m**2. Calculate j(l).
2
Suppose 4*n = 4*o - 3*o - 6, 5*n - o = -7. Let v be 6/4*2/n. Let y(i) = -3*i - 4. Give y(v).
5
Let n(p) be the second derivative of p**8/6720 - p**7/2520 + p**6/720 - 7*p**5/120 - p**4/4 - p. Let z(t) be the third derivative of n(t). Determine z(0).
-7
Let q(g) = g**2 + 48*g - 3 - 54*g + 0 + 2. Calculate q(7).
6
Let d(s) = -5*s + 3. Let h(q) = 4*q - 2. Let i(c) = 3*d(c) + 4*h(c). Suppose -4*p - 14 = n, -5*n = -p + 6 + 1. Give i(p).
-2
Let n(s) = 4 + 0 + 0 - 7*s + 4*s. Give n(3).
-5
Let f(v) = v. Let h(n) = n**2 - 4*n - 3. Let q(x) = -x**2 + 4*x + 3. Let d(a) = 6*h(a) + 7*q(a). Let r = -6 + 11. Let u be d(r). Determine f(u).
-2
Let k(n) = n - 4. Let s be k(4). Let q(x) = -2*x**2 - 5*x + s*x**2 + 2*x - 3. Suppose 4*h - 3*h + 2 = 0. Calculate q(h).
-5
Suppose 4 = 3*a - 5. Suppose 2*l - 6 - 20 = -4*t, 26 = a*t - 5*l. Let h(m) = m - 7. Determine h(t).
0
Suppose -v - 4*m - 15 = 0, 8 = -5*m - 2. Let y(u) = -u**2 - 8*u - 3. Give y(v).
4
Let h(u) be the second derivative of -u**4/6 + u**3 - 2*u**2 - u. Let z(b) = b**3 - 5*b**2 - 9*b. Let o be z(8). Let c be 2/(-7) - o/(-28). Give h(c).
-12
Let a(q) = q. Let b(s) be the first derivative of -s**4/4 - 5*s**3 - 7*s**2 + 2. Let z be b(-14). Determine a(z).
0
Let n(r) = -r - 7. Suppose -10 - 7 = -2*j + 3*w, -4*w = 4*j + 16. Let b = j - 7. Determine n(b).
-1
Let i(a) be the second derivative of 11*a**4/12 - a**3/3 + a**2/2 - 3*a. Calculate i(1).
10
Let l(b) = -b + 6. Let g(y) = -y - 3. Let f be g(-7). Suppose -2*a = -3*t + 7, -19 - 21 = -5*a - f*t. Give l(a).
2
Let t(x) = -x**2 - 3*x. Let c(g) = -2*g**2 - g - 2. Let l be c(-1). Calculate t(l).
0
Let k(j) = -4*j. Let y(a) = -a. Let p be (1 + -3)*27/6. Let d(c) = p*y(c) + 2*k(c). Suppose 4*x = 2*g + 8, 2*g + x = 7*g - 25. What is d(g)?
6
Suppose 0 = 3*l - 0 + 6, -5*l = 2*d + 14. Let n = d + 3. Let r(o) be the first derivative of -o**2 + o - 11. What is r(n)?
-1
Let z(j) = -5*j - 4. Suppose -13 + 31 = -6*r. Determine z(r).
11
Let x = 6 + -5. Let t(k) = 0 + x + 2*k + 3 - k. What is t(-3)?
1
Let h(k) = k**2 - k - 1. Let m(o) = 4*o**2 - 5*o - 4. Let w(i) = 3*h(i) - m(i). Determine w(2).
1
Let v(b) = b**3 + 4*b**2 - 2*b - 3. Let w(z) = -2*z**3 + 2*z**2 + 4*z - 4. Let l be w(2). Calculate v(l).
5
Let s = -13 + 4. Let y(g) = g + 12. What is y(s)?
3
Let d(a) be the third derivative of -a**6/90 - a**5/120 - 2*a**3/3 - a**2. Let q(k) be the first derivative of d(k). Determine q(1).
-5
Let z(x) = 2 + 0 - 1 + x. Let b(t) = -2*t**2 - 2*t + 2. Suppose -5*r + 3 + 2 = 0. Let j(n) = r*b(n) - z(n). Determine j(-3).
-8
Let v(h) = 3 + 6*h - 6*h**2 + 10*h**2 - 6*h - h**3. Determine v(3).
12
Let u(h) = -h + 11. Let g = -35 + 43. Calculate u(g).
3
Let s(b) = 2 - 2*b + 52*b**3 - 53*b**3 - 18*b**2 + 17*b**2. What is s(2)?
-14
Suppose -5*n = 3*p - 26, -p = n - 4*n + 10. Suppose n*t - 6*t = -4. Let z(l) = -5*l - l**3 + 5*l - t + 4*l**2. What is z(3)?
7
Let q(g) = -1. Let x(o) = 6*o + 2. Let y(n) = 5*q(n) + x(n). Suppose -4 = -i - 3*i. Let s be -1*i/(-2)*4. What is y(s)?
9
Let w(s) = -s**2 + s + 3. Suppose -b = -4*d + 6, -4*d + 2 = -2*b + 3*b. Let z be (-4 - -4)/(-1*d). What is w(z)?
3
Let i(v) = -3*v. Let y(r) be the second derivative of -r**5/20 - 5*r**4/6 + r**3/6 + 6*r**2 - 3*r. Let c be y(-10). Determine i(c).
-6
Let g(p) = -p + 1. Let t(b) = -b + 1. Let w(u) = 2*g(u) - t(u). Let q = 179 + -179. Give w(q).
1
Let t(i) = -i**3 + i**2 - i - 1. Suppose 3*y + 3*o - 2*o = -1, 21 = 2*y + 5*o. Determine t(y).
13
Let r(a) = -a - 8. Let v be -5*(12/4)/3. Give r(v).
-3
Let d(s) = -9 - 3 - 2*s - s**2 - 7 + 15. Give d(-3).
-7
Let q(h) = 2*h**3 - 2*h - 1. Let o = -67 + 69. Calculate q(o).
11
Let t(z) = z**3 - 6*z**2 + 8*z - 6. Suppose 2*r + 8 = 18. Calculate t(r).
9
Let v(y) = y**2 + 6*y + 3. Let p(o) = o**2 - 20*o + 30. Let l be p(18). Give v(l).
3
Let s(p) = -6*p + 11 - 4 + p + 4*p. Calculate s(0).
7
Let x(i) = 4*i**3 - 5*i - 2. Let k(p) = -3*p**3 + 2*p + 5*p + p**2 - 2*p + 1. Let y(z) = 3*k(z) + 2*x(z). Calculate y(4).
3
Let z = -3 + 1. Let r(d) = -d**3 - 4*d**2 - 3*d. What is r(z)?
-2
Suppose j + d + 3 = -3*d, 5*d = -5*j. Let f(r) = -11*r**3 - 2*r + 1. Determine f(j).
-12
Let k(l) = -9*l**3 - 1. Let o = 7 - 4. Suppose 128 = -3*m - 2*m + 3*y, -o*m - 5*y - 104 = 0. Let s be 36/m - 4/(-14). Calculate k(s).
8
Let k(o) = 2 + 2*o - o - 2*o. Let w(l) = -1. Let p(t) = t**3 + t**2 + t + 1. Let j be p(-2). Let m(a) = j*w(a) - k(a). Give m(-4).
-1
Let t = -2 + 3. Let z(q) be the third derivative of -5/24*q**4 + 0 + 1/6*q**3 + q**2 + 0*q. Give z(t).
-4
Let b(k) be the first derivative of -2 + 1/2*k**2 - 3*k. Determine b(7).
4
Let d(l) = 5*l + 4. Let h(v) = -11*v - 8. Let j(m) = 9*d(m) + 4*h(m). Suppose -22*f + 20 = -27*f. Let o(s) = -4. Let c(u) = f*o(u) - 5*j(u). What is c(-3)?
11
Let b(m) be the second derivative of m**3/3 - m**2/2 - 21*m. Determine b(-4).
-9
Let w(z) = 3*z**2 - 1. Let s be (-3 + 1)/6 + (-4)/6. Calculate w(s).
2
Let j(r) be the third derivative of r**6/40 + r**5/20 + r**4/24 - r**3/3 + 7*r**2. What is j(-2)?
-16
Let t(s) = s**3 - s**2 - 2*s + 2. Let h be ((-3)/2)/((-3)/6). Let l = h - 1. Calculate t(l).
2
Let y(u) = -u - 6. Let f be y(-5). Let k(i) be the third derivative of i**5/60 + i**4/12 + i**3/6 - 2*i**2 + 34*i. Give k(f).
0
Let o(n) = -8*n**2 + 6*n**2 - 3*n**3 - n**2 + 0*n**3. Calculate o(-2).
12
Suppose 0 = 3*j - j - 5*w - 5, 5*j + 4*w - 29 = 0. Let f be (2/j)/(1/5). Let m(h) = -h + 1. What is m(f)?
-1
Let f be 2 - -7 - (0 - 0). Suppose -3 = -3*j - f. Let d(v) = -v**3 - v**2 + 1. Give d(j).
5
Let i(b) be the first derivative of b**2 - 8*b - 15. Determine i(6).
4
Let j = 50 - 45. Let a(c) = -c**2 + 4*c + 5. Calculate a(j).
0
Let w = -19 - -18. Let j(l) = 4*l + 1. Give j(w).
-3
Let y(l) = l**2 + 1. Let k be y(1). Suppose 0 = k*s + 3*s. Let p(m) = m - 2. Calculate p(s).
-2
Let h(z) be the third derivative of -z**6/120 - z**5/15 + z**4/8 - 7*z**3/6 - 2*z**2. Let n be 6/(-21) + 26/(-7). Let j be (-1)/n + (-63)/12. Determine h(j).
3
Let u(k) be the second derivative of k**3/6 + k**2 - 21*k. Calculate u(0).
2
Let d(n) be the second derivative of n**4/24 + n**2 - 3*n. Let w(s) be the first derivative of d(s). Determine w(1).
1
Let f(c) = -c**2 + 3*c + 7. Let n be f(5). Let l(j) = -j**3 + 2*j + 1. Let a(z) = 3*z**3 - 5*z**2 - 10*z - 5. Let q(i) = -a(i) - 4*l(i). Determine q(n).
13
Suppose -y = -5*i - 29, i + y + 4*y = -11. Let d(q) = -q**2 - 4*q + 6. What is d(i)?
-6
Let d(y) = 3*y - 12. Let j be d(4). Let t(f) be the third derivative of -2*f**2 - 5/6*f**3 + 0*f + 1/24*f**4 + j. Calculate t(6).
1
Let i(o) = -o + 1. Let p be 2 + 1 + -3 + 3. Suppose 3*w + 9 = 0, -p*j + 0 + 21 = -w. Calculate i(j).
-5
Let d(l) = -l**2 - 8*l. Suppose 3*v + 17 = -1. Determine d(v).
12
Let h(t) = -3*t + 1 - 2*t**2 + 3 - 6 + t. What is h(-3)?
-14
Let r(a) = 8*a**2 + 1 - 4 + 0 + 7*a. Let k(z) = 7*z**2 + 7*z - 2. Let j(m) = -3*m - 3. Let n be j(-3). Let h(d) = n*r(d) - 7*k(d). Determine h(-3).
8
Let q(l) = l - 10. Let o(x) = x**2 - 6*x - 7. Let u be o(7). Calculate q(u).
-10
Suppose -2*l - 3*f + 8 = -0*l, 0 = -4*l + 4*f + 16. Suppose 0 = -3*c + 2*m + 14, -2*c - 3 = 2*m + 1. Let y(n) = 0*n**2 - 2 + 3 - l*n**c. What is y(-1)?
-3
Let i(l) = -3*l - 3. Let u be i(-1). Let r(c) = -c**3 + 4*c**2 - 1. Let t be r(4). Let w be (u + 2)/(t*2). Let y(g) = -7*g**2 + g + 1. Determine y(w).
-7
Let l be (6/9)/((-2)/(-12)). Let y(u) be the third derivative of u**6/120 - u**5/20 - 5*u**3/6 - u**2. Calculate y(l).
11
Let z(x) = -x**2 - 8*x + 9. Suppose 0 = 5*r + g + 45, 0*g + 4*g + 27 = -3*r. What is z(r)?
0
Suppose 0 = 7*m - m - 24. Let o(c) = -c**3 + 4*c**2 + c - 1. Determine o(m).
3
Suppose 1 = 4*o - y - 22, 0 = -2*o - 3*y + 15. Let j(b) = -b**2 + 7*b - 2. Determine j(o).
4
Suppose g + 4*g = 20. Suppose -8 = 2*d, -g*o - 2 = 2*d - 6. Let q(a) = a**3 - 4*a**2 + 2*a + 3. Determine q(o).
0
Let i(w) = -7*w**3 - 6*w**2 - w - 7. Let f(l) = -6*l**3 - 5*l**2 - l - 6. Let u(x) = 6*f(x) - 5*i(x). What is u(-2)?
9
Let y(l) = 2*l - 8. Let n(z) = 4*z - 15. Let s(u) = -3*n(u) + 5*y(u). Determine s(5).
-5
Suppose